prime factors of v?
2, 13
Let j be 1/3*(-108)/(-9). What are the prime factors of (-1)/j*(0 - 0) + 170?
2, 5, 17
Suppose 52 = b + 2*b + 2*z, 0 = b + 5*z. Suppose 0 = 3*s - 11 + b. List the prime factors of 4 + 2*s - -5.
3
List the prime factors of 8 + (2 - 7) - (2 + -279).
2, 5, 7
Let l(z) = -15*z - 10. Let p be l(-4). Suppose -c + 76 + p = 5*d, 458 = 3*c - d. What are the prime factors of c?
151
Suppose 25 - 313 = -4*q. Suppose -q + 30 = -2*x. Let l = x - -2. List the prime factors of l.
23
Let i(d) = -9*d**3 - 8*d**2 + 17*d - 28. Let y(l) = -5*l**3 - 4*l**2 + 9*l - 14. Let k(c) = 4*i(c) - 7*y(c). List the prime factors of k(-6).
2, 7
List the prime factors of 14/(-2)*34/(-238) - -1668.
1669
Let b(z) = 199*z**3 + z**2 - 2*z + 5. List the prime factors of b(2).
1597
Suppose 8*c - 4676 = 4*c. What are the prime factors of c?
7, 167
Suppose 3*h - 100 = -2*h. Let b = h + 36. List the prime factors of b.
2, 7
Suppose -k - 3*k - 448 = -3*j, -2*j - 5*k + 314 = 0. What are the prime factors of j?
2, 19
Let w(f) = -25*f**3 + f**3 - 51*f**3 + 3 - 4 + f**2. List the prime factors of w(-1).
3, 5
Suppose 0 = -9*u + 25*u - 3376. What are the prime factors of u + ((-2)/4 - (-6)/(-4))?
11, 19
Let k = 234 - 114. What are the prime factors of k?
2, 3, 5
Let f(k) = 6*k**2 - 161*k + 17. List the prime factors of f(42).
11, 349
Let k(i) = -9*i - 13. Suppose -3*b = -t + 8, -2*b - 3*b + 27 = 2*t. Let m be k(t). List the prime factors of ((-128)/m)/(2/14).
2
Let h(p) = -p - 10. Let q be h(-10). Suppose 4*m + 2*c - 651 = -3*c, -5*m + 2*c + 789 = q. List the prime factors of m.
3, 53
Let f = 241 - -1360. What are the prime factors of f?
1601
Let o(b) = -5*b + 32. Let c be o(6). Suppose 2*h = -c*h + 3*a + 332, a - 332 = -4*h. List the prime factors of h.
83
Let r be -3 + (1 + 5)/2. Suppose r = -o - 3*y - 10, 3*o - 3*y + 3 + 3 = 0. List the prime factors of (o - -2)/((-1)/10).
2, 5
Let c(u) = 2*u**2 + 13*u + 11. List the prime factors of c(-14).
13, 17
Let t = 5730 - 3432. List the prime factors of t.
2, 3, 383
Let i = -27 - -31. Suppose 3*t - 5*y + y = 4, i*t = -y - 1. Suppose t*d - 10 = -3*q + 2*d, -8 = -2*d. List the prime factors of q.
2, 3
Let o = 118 + -114. Suppose -2*a - 286 = -3*y, 0 = y - o*a - 48 - 54. What are the prime factors of y?
2, 47
Let a(g) = -g. Let h(m) = 38*m**2. Let j(t) = -a(t) + h(t). Let k be j(-2). Suppose 5*b - k = -0*b. List the prime factors of b.
2, 3, 5
Let s = -4332 + 6098. List the prime factors of s.
2, 883
Suppose 5*n = 32 - 12. Suppose 5*q - n = -24, 105 = o - 4*q. What are the prime factors of o?
89
Let c(f) be the third derivative of f**4/8 + 4*f**3 - 9*f**2. What are the prime factors of c(10)?
2, 3
Let q be (-1 + 0)*(20 - 33). Suppose 6*s - q*s = -707. List the prime factors of s.
101
Let j = -215 + -315. Let i = j + 355. Let q = -110 - i. What are the prime factors of q?
5, 13
Let l be (6/15)/((1/(-1))/(-780)). Let a = l - 220. List the prime factors of a.
2, 23
Suppose -h = 2*h + 114. Let i = -18 + 12. Let p = i - h. What are the prime factors of p?
2
Let p = -3162 + 6728. What are the prime factors of p?
2, 1783
Let j be 747/15 - 5/(-25). Let k = j + -45. What are the prime factors of k?
5
Suppose -1 = -b, 4*u - 487 = 4*b + 281. List the prime factors of u.
193
Suppose l - 18*l + 6766 = 0. List the prime factors of l.
2, 199
Let o(p) = -p**2 + 6*p - 6. Let s be o(5). Let z be (0 - -3)/(s/(-6)). What are the prime factors of (z/(-8))/((-18)/240)?
2, 3, 5
Suppose 3*w = -c + 94, -3*w + 9 = 3. What are the prime factors of (1 + -1 + c)*15/6?
2, 5, 11
Let p(t) = 2 - 5*t + 0*t + 2*t - 5. Let q(d) = -d**2 - 7*d + 1. Let y be q(-8). List the prime factors of p(y).
2, 3
Let m = -11 + 15. Suppose -1 = -m*q + 3. Let g(j) = 7*j**2 + j. List the prime factors of g(q).
2
Let a(d) = 14*d**2 + 2*d + 3. Let f be a(6). Suppose -5*p + f + 336 = 0. List the prime factors of p.
3, 19
Let a = -73 - -75. Suppose 158 = -0*z + a*z - 5*t, -88 = -z - 2*t. List the prime factors of z.
2, 3, 7
Let a(g) = g**3 - 9*g**2 + 6*g + 11. Let n be a(8). List the prime factors of -2*(-752)/20 + 1/n.
3, 5
Let t(j) = -5*j**3 - 6*j**2 - 8*j + 6. What are the prime factors of t(-4)?
2, 131
Suppose 0 = 2*f + 4*i + i - 124, -5*f + 352 = 2*i. Let y be ((-1)/(-1))/(3/f). Suppose z - 5*w = 7, 5*w = -z + 3*z - y. List the prime factors of z.
17
Suppose -4649 = -31*x - 743. List the prime factors of x.
2, 3, 7
Suppose 4*q - 8*q + 18 = 2*o, q - 2 = 0. Suppose -o*m + 2*h - 3*h = -399, -4*m + h = -321. List the prime factors of m.
2, 5
Suppose -6*n - 4 + 16 = 0. Suppose -n*l + 6*l = 1244. What are the prime factors of l?
311
Suppose 5*z = 4*z + 2. Suppose -z*c - 5*c = -21. List the prime factors of c.
3
Suppose -3*c = 2*c - 20. Suppose 3 = 5*t + c*h + 38, 0 = -3*t - 4*h - 13. List the prime factors of t/(-55) - 189/(-5).
2, 19
Suppose 0*x + 15 = 5*x. Suppose -a + 5*k = 2*k - 22, -5*a + 182 = x*k. List the prime factors of a.
2, 17
Let f(b) be the first derivative of -b**4/4 - 5*b**3/3 + b**2 + 7*b + 2. Let x be f(-5). What are the prime factors of (x - 57/(-6))*2?
13
Let j(l) = l**2 - 12*l + 15. Let m be j(2). Let x(g) = 4*g - 4. Let y(c) = 3*c - 5. Let u(s) = -3*x(s) + 2*y(s). What are the prime factors of u(m)?
2
Let o = -357 + 519. List the prime factors of o.
2, 3
Let g be (-14)/(((-20)/38)/(-5)). Let q = 194 + g. What are the prime factors of q?
61
Suppose -5253 + 1881 = -12*t. What are the prime factors of t?
281
Let b(o) = 34*o**2 - 5*o - 2. List the prime factors of b(2).
2, 31
Let t be (-6)/(-2)*(-80)/6. Let k = -24 - t. What are the prime factors of k?
2
Suppose 2*j + q + 51 = 0, -j - 2*q - 56 = j. Let i = -20 - j. Suppose 0 = i*f + 6, -3*r + 108 = 2*r - 4*f. What are the prime factors of r?
2, 5
Let c(t) = -6*t**2 - t - 1. Let z be c(-1). Let i be (4/3)/(4/z). List the prime factors of ((-69)/6 + 2)*i.
19
Let x be (2 + 3/(-6))*2. Let l = x + 5. List the prime factors of (-2)/l + 750/24.
31
Let v = 1820 - 771. What are the prime factors of v?
1049
List the prime factors of ((-8406)/(-10))/((-69)/(-230)).
2, 3, 467
Let w(l) = -459*l + 3. List the prime factors of w(-1).
2, 3, 7, 11
Let v(m) = 57*m - 11. What are the prime factors of v(14)?
787
Let y = -11 - -17. Suppose 4*c = y*c - v - 226, 0 = -3*c + 2*v + 341. List the prime factors of c.
3, 37
Let f be (35 - 3) + (-8)/2. Suppose -f - 1 = 3*w - 5*o, 49 = -3*w + o. List the prime factors of 1662/36 + 3/w.
2, 23
Let y = -965 - -1960. What are the prime factors of y?
5, 199
Suppose 244 = 4*k + 88. Suppose 2*v = -0*v + 280. Suppose -3*r = 2*z + k - 120, -5*z + v = -5*r. What are the prime factors of z?
3, 11
Let i(f) = -f**3 + 13*f**2 + 12*f + 30. Let r be i(14). Suppose 0 = r*z - z + 24. Let s = 45 + z. List the prime factors of s.
3, 7
Let l(z) = z - 4. Let t be l(7). Let g be 21/t + -2 - 1. Suppose g*d - 20 = 24. List the prime factors of d.
11
Let i = 142 + -97. Suppose 133 - i = 2*b. What are the prime factors of b?
2, 11
Let o be 4/14 - 6/21. Let c = o + 13. Suppose c = -5*j + 53. What are the prime factors of j?
2
Let g(t) = -t**3 - 10*t**2 - 8*t + 6. Let c be g(-10). Suppose 3*k = k + c. Suppose -4*o + 93 = -k. List the prime factors of o.
2, 17
Suppose -5*g = -h - 27, -4*h - 5*g - 26 - 7 = 0. Let z = -15 - h. Let o(m) = m**2 + 2*m + 2. What are the prime factors of o(z)?
5
Suppose 5*l = -2*a - 17, -3*a + 0*l = -l - 17. List the prime factors of (-19)/(((-20)/210)/(a/6)).
7, 19
Let w = 555 + -260. List the prime factors of w.
5, 59
Suppose -8*c = -3*c + 10. Let k be 1/(c/(-12))*-1. What are the prime factors of (-233)/k + (-8)/(-48)?
3, 13
Let c(q) = -5*q**2 - 30*q - 21. Let v(n) = -4*n**2 - 29*n - 22. Let h(f) = -3*c(f) + 4*v(f). List the prime factors of h(-20).
5, 19
Suppose -26*x = -5093 - 5359. List the prime factors of x.
2, 3, 67
Let w(c) = -5*c**2 - 89*c + 22. List the prime factors of w(-17).
2, 3, 5
Let z(b) = b**3 - 26*b**2 + 19*b - 23. What are the prime factors of z(26)?
3, 157
Let f(n) = -n**3 - 4*n**2 - 2*n - 6. Let g be f(-4). List the prime factors of 2 + g + -8 - -57.
53
Let p(x) = x**3 - 2*x**2 - 14*x. Let j be p(6). What are the prime factors of (4 - 3)*(j - (0 + 0))?
2, 3, 5
Suppose -u - 2 = 1, -5*b + 2596 = -2*u. List the prime factors of b.
2, 7, 37
What are the prime factors of 28/98 